{"id":34242,"date":"2025-12-21T21:14:12","date_gmt":"2025-12-21T20:14:12","guid":{"rendered":"https:\/\/dante-freiburg.de\/events\/giovanni-allevi-ritorno-alla-vita-un-film-italiano-di-simone-valentini\/"},"modified":"2025-12-21T23:14:18","modified_gmt":"2025-12-21T22:14:18","slug":"giovanni-allevi-ritorno-alla-vita-un-film-italiano-di-simone-valentini","status":"publish","type":"mep_events","link":"https:\/\/dante-freiburg.de\/it\/events\/giovanni-allevi-ritorno-alla-vita-un-film-italiano-di-simone-valentini\/","title":{"rendered":"&#8220;Giovanni Allevi &#8211; Back To Life&#8221; &#8211; Un film italiano di Simone Valentini"},"content":{"rendered":"<p class=\"western\">&#8220;Giovanni Allevi &#8211; Back To Life&#8221; racconta la storia del ritorno sul palcoscenico del compositore e pianista Giovanni Allevi dopo una pausa dovuta alla malattia. Il film approfondisce il suo percorso personale e artistico e fa luce sulla sua capacit\u00e0 di recupero e sul potere trasformativo dell&#8217;arte. Offre uno sguardo intimo alle sfide e ai trionfi di Allevi mentre si prepara a riconnettersi con il pubblico attraverso la sua musica.<\/p>\n<p>Presentiamo il film in collaborazione con Kommunales Kino Freiburg, Vivace Freiburg e il Consolato italiano di Friburgo.<\/p>\n<p>Giovanni Allevi sar\u00e0 presente di persona. Dopo il film, i visitatori avranno l&#8217;opportunit\u00e0 di fare MEET &amp; GREET nella galleria. Allevi firmer\u00e0 i suoi libri e saranno disponibili champagne e tartine.<\/p>\n<p><strong><span style=\"font-size: medium;\"><span lang=\"es-AR\">Film documentario, Italia 2025 \/ OmeU \/ 87 min. \/ Regia: Simone Valentini \/ con Giovanni Allevi, Carolina Kostner, Dario Faini <\/span><\/span><\/strong><\/p>\n<p><strong>In lingua italiana con sottotitoli in inglese&nbsp;<\/strong><\/p>\n<p><a href=\"https:\/\/www.koki-freiburg.de\/spielplan\/\" target=\"_blank\" rel=\"noopener\"><strong>Biglietti presso il Kommunales Kino, <\/strong><\/a>ingresso 8 \u20ac, per i soci DANTE e Vivace 5 \u20ac (dietro presentazione della tessera associativa)<\/p>\n","protected":false},"excerpt":{"rendered":"<p>&#8220;Giovanni Allevi &#8211; Back To Life&#8221; racconta la storia del ritorno sul palcoscenico del compositore e pianista Giovanni Allevi dopo una pausa dovuta alla malattia. Il film approfondisce il suo percorso personale e artistico e fa luce sulla sua capacit\u00e0 di recupero e sul potere trasformativo dell&#8217;arte. Offre uno sguardo intimo alle sfide e ai [&hellip;]<\/p>\n","protected":false},"author":1,"featured_media":34244,"template":"","meta":{"_acf_changed":false,"ngg_post_thumbnail":0},"product_cat":[62,161],"mep_cat":[209,159],"mep_org":[49,141],"mep_tag":[],"class_list":["post-34242","mep_events","type-mep_events","status-publish","has-post-thumbnail","hentry","product_cat-evento-culturale","product_cat-film-it","mep_cat-evento-culturale","mep_cat-film-it","mep_org-dag-freiburg-it","mep_org-leeck-it"],"acf":[],"event_informations":{"mep_disable_term_condition":["no"],"_tax_status":["none"],"link_wc_product":["34294"],"check_if_run_once":["1"],"_wpml_media_duplicate":["1"],"_wpml_media_featured":["1"],"_sku":[""],"_sold_individually":["no"],"_tax_class":[""],"_virtual":["yes"],"_price":["0"],"_top_nav_excluded":[""],"_cms_nav_minihome":[""],"_wp_page_template":["default"],"jupiterx_header":["1"],"jupiterx_header_overlap":["global"],"jupiterx_header_type":["global"],"jupiterx_header_behavior":["global"],"jupiterx_layout":["global"],"jupiterx_content_full_width":["0"],"jupiterx_sidebar_primary":["global"],"jupiterx_sidebar_secondary":["global"],"jupiterx_post_featured_image":["global"],"jupiterx_post_comments":["global"],"jupiterx_main_background_color":[""],"jupiterx_main_background_image":[""],"jupiterx_main_background_position":[""],"jupiterx_main_background_repeat":[""],"jupiterx_main_background_attachment":[""],"jupiterx_main_background_size":[""],"jupiterx_main_background":[""],"jupiterx_main_spacing_padding_top":[""],"jupiterx_main_spacing_padding_right":[""],"jupiterx_main_spacing_padding_bottom":[""],"jupiterx_main_spacing_padding_left":[""],"jupiterx_main_spacing_margin_top":[""],"jupiterx_main_spacing_margin_right":[""],"jupiterx_main_spacing_margin_bottom":[""],"jupiterx_main_spacing_margin_left":[""],"jupiterx_main_spacing":[""],"jupiterx_title_bar_title":["global"],"jupiterx_title_bar_breadcrumb":["global"],"jupiterx_footer_type":["global"],"jupiterx_footer_behavior":["global"],"jupiterx_post_meta":["global"],"jupiterx_post_tags":["global"],"jupiterx_post_social_share":["global"],"jupiterx_post_author_box":["global"],"jupiterx_post_related_posts":["global"],"_last_translation_edit_mode":["native-editor"],"_wpml_word_count":["191"],"_thumbnail_id":["34244"],"_edit_lock":["1766355347:1"],"_edit_last":["1"],"_jupiterx_header":["field_jupiterx_post_header"],"_jupiterx_header_overlap":["field_jupiterx_post_header_overlap"],"_jupiterx_header_type":["field_jupiterx_post_header_type"],"_jupiterx_header_behavior":["field_jupiterx_post_header_behavior"],"_jupiterx_layout":["field_jupiterx_post_main_layout"],"_jupiterx_content_full_width":["field_jupiterx_post_main_full_width"],"_jupiterx_sidebar_primary":["field_jupiterx_post_main_sidebar_primary"],"_jupiterx_sidebar_secondary":["field_jupiterx_post_main_sidebar_secondary"],"_jupiterx_post_featured_image":["field_jupiterx_post_main_featured_image"],"_jupiterx_post_meta":["field_jupiterx_post_main_meta"],"_jupiterx_post_tags":["field_jupiterx_post_main_tags"],"_jupiterx_post_social_share":["field_jupiterx_post_main_social_share"],"_jupiterx_post_author_box":["field_jupiterx_post_main_author_box"],"_jupiterx_post_related_posts":["field_jupiterx_post_main_related_posts"],"_jupiterx_post_comments":["field_jupiterx_post_main_comments"],"_jupiterx_main_background_color":["color"],"_jupiterx_main_background_image":["image"],"_jupiterx_main_background_position":["position"],"_jupiterx_main_background_repeat":["repeat"],"_jupiterx_main_background_attachment":["attachment"],"_jupiterx_main_background_size":["size"],"_jupiterx_main_background":["field_jupiterx_post_main_background"],"_jupiterx_main_spacing_padding_top":["padding_top"],"_jupiterx_main_spacing_padding_right":["padding_right"],"_jupiterx_main_spacing_padding_bottom":["padding_bottom"],"_jupiterx_main_spacing_padding_left":["padding_left"],"_jupiterx_main_spacing_margin_top":["margin_top"],"_jupiterx_main_spacing_margin_right":["margin_right"],"_jupiterx_main_spacing_margin_bottom":["margin_bottom"],"_jupiterx_main_spacing_margin_left":["margin_left"],"_jupiterx_main_spacing":["field_jupiterx_post_main_spacing"],"_jupiterx_title_bar_title":["field_jupiterx_post_title_bar_title"],"_jupiterx_title_bar_breadcrumb":["field_jupiterx_post_title_bar_breadcrumb"],"jupiterx_title_bar_subtitle":[""],"_jupiterx_title_bar_subtitle":["field_jupiterx_post_title_bar_subtitle"],"jupiterx_footer":["1"],"_jupiterx_footer":["field_jupiterx_post_footer"],"_jupiterx_footer_type":["field_jupiterx_post_footer_type"],"_jupiterx_footer_behavior":["field_jupiterx_post_footer_behavior"],"mep_event_type":["offline"],"mep_org_address":["0"],"mep_location_venue":["Kommunales Kino im alten WiehreBahnhof"],"mep_street":["Urachstra\u00dfe 40"],"mep_city":["Freiburg im Breisgau"],"mep_state":[""],"mep_postcode":[""],"mep_country":[""],"longitude":["7.8535403"],"latitude":["47.9848058"],"mep_sgm":["1"],"location_name":[""],"mep_reg_status":["off"],"mep_show_advance_col_status":["off"],"mep_event_ticket_type":["a:0:{}"],"mep_events_extra_prices":["a:0:{}"],"mep_enable_custom_dt_format":["off"],"mep_enable_recurring":["no"],"event_start_date":["2026-01-22"],"event_start_time":["17:00"],"event_end_date":["2026-01-22"],"event_end_time":["19:00"],"event_start_datetime":["2026-01-22 17:00:00"],"event_end_datetime":["2026-01-22 19:00:00"],"mep_event_more_date":["a:0:{}"],"event_expire_datetime":["2026-01-22 19:00:00"],"mep_buffer_time":["0"],"mep_event_date_format":["d\/m\/Y"],"mep_event_time_format":["H:i"],"mep_event_custom_date_format":["F j, Y"],"mep_custom_event_time_format":["g:i a"],"mep_time_zone_display":["no"],"mep_full_name":[""],"mep_reg_email":[""],"mep_reg_phone":[""],"mep_reg_address":[""],"mep_reg_designation":[""],"mep_reg_website":[""],"mep_reg_veg":[""],"mep_reg_company":[""],"mep_reg_gender":[""],"mep_reg_tshirtsize":[""],"mep_reg_tshirtsize_list":[""],"mep_show_end_datetime":["yes"],"mep_available_seat":["off"],"mep_member_only_event":["for_all"],"mep_member_only_user_role":["a:1:{i:0;s:3:\"all\";}"],"_stock_msg":["new"],"_list_column":[""],"event_list":["a:0:{}"],"related_section_label":[""],"mep_related_event_status":["off"],"mep_speaker_title":[""],"mep_event_speaker_icon":[""],"mep_event_speakers_list":["a:0:{}"],"mep_display_slider":["on"],"mep_gallery_images":["a:1:{i:0;s:0:\"\";}"],"mep_list_thumbnail":[""],"mep_rich_text_status":["enable"],"mep_rt_event_status":["EventRescheduled"],"mep_rt_event_attandence_mode":["OfflineEventAttendanceMode"],"mep_rt_event_prvdate":[""],"mep_event_template":["default-theme.php"],"_stock":["0"],"mp_event_virtual_type_des":[""],"mep_show_upcoming_event":[""],"mep_event_cc_email_text":[""],"enable_global_qty":["off"],"mep_gq_total_resv_seat":[""],"mep_gq_total_seat":[""],"event_date_gq":[""],"event_date_gq_rev":[""],"mep_gq_type":["global"],"ex_event_date_gq":[""],"ex_event_date_gq_rev":[""],"ex_enable_global_qty":["off"],"ex_mep_gq_total_resv_seat":[""],"ex_mep_gq_total_seat":[""],"ex_mep_gq_type":["global"],"mep_fb_send_email_confirmation":[""],"mep_name_label":[""],"mep_email_label":[""],"mep_phone_label":[""],"mep_address_label":[""],"mep_tshirt_label":[""],"mep_desg_label":[""],"mep_website_label":[""],"mep_veg_label":[""],"mep_company_label":[""],"mep_gender_label":[""],"mep_event_reg_form_id":["custom_form"],"mep_form_builder_data":["a:0:{}"],"mep_conditional_form_check":["off"],"mep_conditional_infos":["a:0:{}"],"mep_event_show_attendee_list":["off"],"mep_event_attendee_edit_frontend":["off"],"um_content_restriction":["a:8:{s:26:\"_um_custom_access_settings\";b:0;s:14:\"_um_accessible\";i:0;s:28:\"_um_access_hide_from_queries\";b:0;s:19:\"_um_noaccess_action\";i:0;s:30:\"_um_restrict_by_custom_message\";i:0;s:27:\"_um_restrict_custom_message\";s:0:\"\";s:19:\"_um_access_redirect\";i:0;s:23:\"_um_access_redirect_url\";s:0:\"\";}"],"jupiterx_reading_time":["1 minute"],"_eael_post_view_count":["118"],"event_upcoming_datetime":["2026-01-22 19:00:00"],"mep_total_seat_left":["0"],"_elementor_page_assets":["a:0:{}"],"event_feature_image":"https:\/\/dante-freiburg.de\/wp-content\/uploads\/Allevi-back-to-life-e1766352616592.jpg"},"_links":{"self":[{"href":"https:\/\/dante-freiburg.de\/it\/wp-json\/wp\/v2\/mep_events\/34242","targetHints":{"allow":["GET"]}}],"collection":[{"href":"https:\/\/dante-freiburg.de\/it\/wp-json\/wp\/v2\/mep_events"}],"about":[{"href":"https:\/\/dante-freiburg.de\/it\/wp-json\/wp\/v2\/types\/mep_events"}],"author":[{"embeddable":true,"href":"https:\/\/dante-freiburg.de\/it\/wp-json\/wp\/v2\/users\/1"}],"version-history":[{"count":3,"href":"https:\/\/dante-freiburg.de\/it\/wp-json\/wp\/v2\/mep_events\/34242\/revisions"}],"predecessor-version":[{"id":34296,"href":"https:\/\/dante-freiburg.de\/it\/wp-json\/wp\/v2\/mep_events\/34242\/revisions\/34296"}],"wp:featuredmedia":[{"embeddable":true,"href":"https:\/\/dante-freiburg.de\/it\/wp-json\/wp\/v2\/media\/34244"}],"wp:attachment":[{"href":"https:\/\/dante-freiburg.de\/it\/wp-json\/wp\/v2\/media?parent=34242"}],"wp:term":[{"taxonomy":"product_cat","embeddable":true,"href":"https:\/\/dante-freiburg.de\/it\/wp-json\/wp\/v2\/product_cat?post=34242"},{"taxonomy":"mep_cat","embeddable":true,"href":"https:\/\/dante-freiburg.de\/it\/wp-json\/wp\/v2\/mep_cat?post=34242"},{"taxonomy":"mep_org","embeddable":true,"href":"https:\/\/dante-freiburg.de\/it\/wp-json\/wp\/v2\/mep_org?post=34242"},{"taxonomy":"mep_tag","embeddable":true,"href":"https:\/\/dante-freiburg.de\/it\/wp-json\/wp\/v2\/mep_tag?post=34242"}],"curies":[{"name":"wp","href":"https:\/\/api.w.org\/{rel}","templated":true}]}}

<p class="western">&#8220;Giovanni Allevi &#8211; Back To Life&#8221; racconta la storia del ritorno sul palcoscenico del compositore e pianista Giovanni Allevi dopo una pausa dovuta alla malattia. Il film approfondisce il suo percorso personale e artistico e fa luce sulla sua capacità di recupero e sul potere trasformativo dell&#8217;arte. Offre uno sguardo intimo alle sfide e ai trionfi di Allevi mentre si prepara a riconnettersi con il pubblico attraverso la sua musica.</p>
<p>Presentiamo il film in collaborazione con Kommunales Kino Freiburg, Vivace Freiburg e il Consolato italiano di Friburgo.</p>
<p>Giovanni Allevi sarà presente di persona. Dopo il film, i visitatori avranno l&#8217;opportunità di fare MEET &amp; GREET nella galleria. Allevi firmerà i suoi libri e saranno disponibili champagne e tartine.</p>
<p><strong><span style="font-size: medium;"><span lang="es-AR">Film documentario, Italia 2025 / OmeU / 87 min. / Regia: Simone Valentini / con Giovanni Allevi, Carolina Kostner, Dario Faini </span></span></strong></p>
<p><strong>In lingua italiana con sottotitoli in inglese&nbsp;</strong></p>
<p><a href="https://www.koki-freiburg.de/spielplan/" target="_blank" rel="noopener"><strong>Biglietti presso il Kommunales Kino, </strong></a>ingresso 8 €, per i soci DANTE e Vivace 5 € (dietro presentazione della tessera associativa)</p>

<p>&#8220;Giovanni Allevi &#8211; Back To Life&#8221; racconta la storia del ritorno sul palcoscenico del compositore e pianista Giovanni Allevi dopo una pausa dovuta alla malattia. Il film approfondisce il suo percorso personale e artistico e fa luce sulla sua capacità di recupero e sul potere trasformativo dell&#8217;arte. Offre uno sguardo intimo alle sfide e ai [&hellip;]</p>

Urachstraße 40
